{"id":41906659,"date":"2026-04-23T17:14:59","date_gmt":"2026-04-23T17:14:59","guid":{"rendered":"http:\/\/web-demo.es\/wpinmo\/WEB2\/brisasolinmueble\/alquiler\/garaje\/tarragona\/reus\/002.05212\/"},"modified":"2026-04-23T17:14:59","modified_gmt":"2026-04-23T17:14:59","slug":"reus-parquing-en-lloguer-zona-centre-002-05212","status":"publish","type":"property","link":"https:\/\/brisasol.com\/ca\/inmueble\/alquiler\/garaje\/tarragona\/reus\/002.05212\/","title":{"rendered":"Reus-P\u00e0rquing en lloguer zona centre. &#8211; 002.05212"},"content":{"rendered":"<p>ZONA CENTRE &#8211; Pla\u00e7a de parking en lloger al centre de Reus, a dos minuts de la pla\u00e7a Mercadal. Ideal per cotxe mitj\u00e0, f\u00e0cil acc\u00e9s, f\u00e0cil aparcament. <\/p>\n\n    <div class=\"xs_social_share_widget xs_share_url after_content \t\tmain_content  wslu-style-1 wslu-share-box-shaped wslu-fill-colored wslu-none wslu-share-horizontal wslu-theme-font-no wslu-main_content\">\n\n\t\t\n        <ul>\n\t\t\t        <\/ul>\n    <\/div> \n","protected":false},"excerpt":{"rendered":"<p>ZONA CENTRE &#8211; Pla\u00e7a de parking en lloger al centre de Reus, a dos minuts de la pla\u00e7a Mercadal. Ideal per cotxe mitj\u00e0, f\u00e0cil acc\u00e9s, f\u00e0cil aparcament. <\/p>\n","protected":false},"author":5,"featured_media":41906660,"parent":0,"menu_order":0,"template":"","property_type":[864],"property_status":[334],"property_feature":[],"property_label":[],"property_state":[218],"property_city":[377],"property_area":[378],"acf":[],"property_meta":{"fave_property_agency":["19451"],"fave_agents":["19451"],"fave_agent_display_option":["agency_info"],"property_agent":["19463"],"custom_permalink":["inmueble\/alquiler\/garaje\/tarragona\/reus\/002.05212\/"],"_thumbnail_id":["41906660"],"post_id":["Array"],"original_author":["5"],"_edit_lock":["1604137107:1"],"_edit_last":["1"],"fave_property_map_street_view":["show"],"fave_payment_status":["not_paid"],"fave_single_top_area":["global"],"fave_single_content_area":["global"],"houzez_manual_expire":["0"],"fave_property_size_prefix":["m&sup2;"],"fave_property_map":["1"],"fave_additional_features_enable":["disable"],"fave_floor_plans_enable":["disable"],"fave_multiunit_plans_enable":["disable"],"fave_property_address":["Centre"],"fave_property_zip":["43204"],"houzez_geolocation_lat":["41.1529001340292"],"houzez_geolocation_long":["1.11108684653323"],"fave_property_location":["41.1529001340292,1.11108684653323"],"fave_property_country":["ES"],"fave_property_map_address":["Centre,Spain"],"referencia":["002.05212"],"fave_property_id":["002.05212"],"fave_property_bedrooms":["0"],"fave_property_bathrooms":["0"],"fave_property_garage":["0"],"fave_property_land":["0"],"ave_property_land_postfix":["m&sup2;"],"fave_property_size":["21"],"fave_property_year":["2002"],"fave_energy_global_index":["0 kWh\/m&sup2; \/0 Kg CO2\/m&sup2;"],"fave_energy_class":["N"],"estate_attr_energy_class":["N"],"REAL_HOMES_property_emisiones":["0"],"REAL_HOMES_property_consumo":["0"],"REAL_HOMES_property_letra":["N"],"estate_video":[""],"fave_virtual_tour":[""],"vendidoInmueble":[""],"fave_property_price":["75"],"fave_property_price_postfix":["mes"],"fave_property_images":["41906660","41906661","41906662","41906663","41906664","41906665"],"houzez_total_property_views":["1"],"houzez_views_by_date":["a:1:{s:10:\"04-26-2026\";i:1;}"],"houzez_recently_viewed":["2026-04-26 10:31:41"],"ekit_post_views_count":["1"]},"_links":{"self":[{"href":"https:\/\/brisasol.com\/ca\/wp-json\/wp\/v2\/properties\/41906659"}],"collection":[{"href":"https:\/\/brisasol.com\/ca\/wp-json\/wp\/v2\/properties"}],"about":[{"href":"https:\/\/brisasol.com\/ca\/wp-json\/wp\/v2\/types\/property"}],"author":[{"embeddable":true,"href":"https:\/\/brisasol.com\/ca\/wp-json\/wp\/v2\/users\/5"}],"version-history":[{"count":0,"href":"https:\/\/brisasol.com\/ca\/wp-json\/wp\/v2\/properties\/41906659\/revisions"}],"wp:featuredmedia":[{"embeddable":true,"href":"https:\/\/brisasol.com\/ca\/wp-json\/wp\/v2\/media\/41906660"}],"wp:attachment":[{"href":"https:\/\/brisasol.com\/ca\/wp-json\/wp\/v2\/media?parent=41906659"}],"wp:term":[{"taxonomy":"property_type","embeddable":true,"href":"https:\/\/brisasol.com\/ca\/wp-json\/wp\/v2\/property_type?post=41906659"},{"taxonomy":"property_status","embeddable":true,"href":"https:\/\/brisasol.com\/ca\/wp-json\/wp\/v2\/property_status?post=41906659"},{"taxonomy":"property_feature","embeddable":true,"href":"https:\/\/brisasol.com\/ca\/wp-json\/wp\/v2\/property_feature?post=41906659"},{"taxonomy":"property_label","embeddable":true,"href":"https:\/\/brisasol.com\/ca\/wp-json\/wp\/v2\/property_label?post=41906659"},{"taxonomy":"property_state","embeddable":true,"href":"https:\/\/brisasol.com\/ca\/wp-json\/wp\/v2\/property_state?post=41906659"},{"taxonomy":"property_city","embeddable":true,"href":"https:\/\/brisasol.com\/ca\/wp-json\/wp\/v2\/property_city?post=41906659"},{"taxonomy":"property_area","embeddable":true,"href":"https:\/\/brisasol.com\/ca\/wp-json\/wp\/v2\/property_area?post=41906659"}],"curies":[{"name":"wp","href":"https:\/\/api.w.org\/{rel}","templated":true}]}}

Reus-Pàrquing en lloguer zona centre. &#8211; 002.05212

<p>ZONA CENTRE &#8211; Plaça de parking en lloger al centre de Reus, a dos minuts de la plaça Mercadal. Ideal per cotxe mitjà, fàcil accés, fàcil aparcament. </p>

    <div class="xs_social_share_widget xs_share_url after_content 		main_content  wslu-style-1 wslu-share-box-shaped wslu-fill-colored wslu-none wslu-share-horizontal wslu-theme-font-no wslu-main_content">

		
        <ul>
			        </ul>
    </div>

<p>ZONA CENTRE &#8211; Plaça de parking en lloger al centre de Reus, a dos minuts de la plaça Mercadal. Ideal per cotxe mitjà, fàcil accés, fàcil aparcament. </p>
