{"id":43376084,"date":"2026-08-05T16:55:42","date_gmt":"2026-08-05T16:55:42","guid":{"rendered":"http:\/\/web-demo.es\/wpinmo\/WEB2\/brisasolinmueble\/venta\/atico-duplex\/tarragona\/salou\/003.ai03352\/"},"modified":"2026-08-05T16:55:42","modified_gmt":"2026-08-05T16:55:42","slug":"atico-duplex-en-el-centro-turistico-de-salou-003-ai03352-en","status":"publish","type":"property","link":"https:\/\/brisasol.com\/en\/inmueble\/venta\/atico-duplex\/tarragona\/salou\/003.ai03352\/","title":{"rendered":"\u00c1tico duplex en el centro tur\u00edstico de Salou &#8211; 003.ai03352"},"content":{"rendered":"<p>Oportunidad \u00e1tico duplex en pleno centro tur\u00edstico de Salou con amplias zonas verdes.<br \/>Situado en en complejo con todos los servicios de ocio necesarios como piscina, pistas de p\u00e1del, tenis y parque infantil.<br \/>Dispone de dos dormitorios dobles que tienen acceso directo a la terraza, ba\u00f1o completo con ducha y cocina americana equipada con electrodom\u00e9sticos .<br \/>Ideal para disfrutar de la terraza superior privada con zona de barbacoa y vistas despejadas.<br \/>Incluimos en el precio dos plazas de parking privadas en el mismo edificio con acceso directo desde el ascensor. Tambi\u00e9n dispone de dos splits de aire acondicionado.<br \/>Amueblado y equipado, est\u00e1 listo para entrar a vivir.<\/p>\n<p>Informaci\u00f3n al consumidor (Ley 10\/2025 y Art. 20 TRLGDCU)<br \/>En cumplimiento de las obligaciones de informaci\u00f3n previstas en la Ley 10\/2025, de 28 de diciembre, de servicios de atenci\u00f3n a la clientela y transparencia, as\u00ed como en la normativa sectorial vigente, se informa que el precio indicado no incluye los gastos e impuestos inherentes a la adquisici\u00f3n, los cuales se desglosan a continuaci\u00f3n:<br \/>Impuesto de Transmisiones Patrimoniales *(ITP): En Catalu\u00f1a se aplicar\u00e1 el tipo impositivo vigente del10% sin perjuicio de los tipos reducidos aplicables seg\u00fan las circunstancias personales del comprador o las caracter\u00edsticas del inmueble. El impuesto se devenga sobre el mayor valor entre el precio de adquisici\u00f3n o el valor de referencia catastral. Para informaci\u00f3n m\u00e1s detallada puede consultar el portal oficial de la Agencia Tributaria Catalu\u00f1a: atc.gencat.cat.<br \/>&#8211; Gastos de Notar\u00eda: Se calcular\u00e1n seg\u00fan el arancel oficial regulado en el Anexo I del Real Decreto 1426\/1989 de 17 de noviembre.  BOE-A-1989-28111.<br \/>&#8211; Gastos de Registro: Se calcular\u00e1n seg\u00fan el arancel oficial regulado en el Anexo I del Real Decreto 1427\/1989. BOE-A-1989-28112.<br \/>&#8211; Gastos de Gestor\u00eda: Por tramitaci\u00f3n, liquidaci\u00f3n de impuestos e inscripci\u00f3n en Registro de la Propiedad, el importe orientativo es de 242? (IVA incluido), que variar\u00e1 dependiendo del profesional designado por la parte compradora para realizar dichos tr\u00e1mites.<br \/>&#8211; Gastos Hipotecarios: En caso de financiaci\u00f3n, condiciones seg\u00fan la entidad bancaria elegida por el comprador.<br \/>&#8211; Honorarios de Intermediaci\u00f3n Inmobiliaria: A cargo del vendedor incluidos en el precio.<br \/>*(ITP): Para un c\u00e1lculo personalizado seg\u00fan sus circunstancias personales, puede consultar a nuestros asesores a la oficina de Salou, Avda Andorra 18. <br \/>Finques Brisasol, SL- AICAT-7922<\/p>\n\n    <div class=\"xs_social_share_widget xs_share_url after_content \t\tmain_content  wslu-style-1 wslu-share-box-shaped wslu-fill-colored wslu-none wslu-share-horizontal wslu-theme-font-no wslu-main_content\">\n\n\t\t\n        <ul>\n\t\t\t        <\/ul>\n    <\/div> \n","protected":false},"excerpt":{"rendered":"<p>Oportunidad \u00e1tico duplex en pleno centro tur\u00edstico de Salou con amplias zonas verdes.~Situado en en complejo con todos los servicios de ocio necesarios como piscina, pistas de p\u00e1del, tenis y parque infantil.~Dispone de dos dormitorios dobles que tienen acceso directo a la terraza, ba\u00f1o completo con ducha y cocina americana equipada con <\/p>\n","protected":false},"author":5,"featured_media":43376087,"parent":0,"menu_order":0,"template":"","property_type":[1495],"property_status":[254],"property_feature":[782,842,834,762,858,766],"property_label":[],"property_state":[218],"property_city":[219],"property_area":[1628],"class_list":["post-43376084","property","type-property","status-publish","has-post-thumbnail","hentry","property_type-penthouses-duplex","property_status-sale","property_feature-air-conditioning","property_feature-elevator","property_feature-exterior-overlooking","property_feature-parking","property_feature-swimming-pool","property_feature-terrace","property_state-tarragona-prov","property_city-salou","property_area-plaza-europa"],"acf":[],"property_meta":{"fave_property_agency":["19447"],"fave_agents":["19447"],"fave_agent_display_option":["agency_info"],"property_agent":["19463"],"custom_permalink":["inmueble\/venta\/atico-duplex\/tarragona\/salou\/003.ai03352\/"],"_thumbnail_id":["43376087"],"post_id":["Array"],"original_author":["5"],"_edit_lock":["1604137107:1"],"_edit_last":["1"],"fave_property_map_street_view":["show"],"fave_payment_status":["not_paid"],"fave_single_top_area":["global"],"fave_single_content_area":["global"],"houzez_manual_expire":["0"],"fave_property_size_prefix":["m&sup2;"],"fave_property_map":["1"],"fave_additional_features_enable":["disable"],"fave_floor_plans_enable":["disable"],"fave_multiunit_plans_enable":["disable"],"fave_property_address":["Plaza Europa"],"fave_property_zip":["43840"],"houzez_geolocation_lat":["41.07354507"],"houzez_geolocation_long":["1.15017594"],"fave_property_location":["41.07354507,1.15017594"],"fave_property_country":["ES"],"fave_property_map_address":["Plaza Europa,Spain"],"referencia":["003.ai03352"],"fave_property_id":["003.ai03352"],"fave_property_bedrooms":["2"],"fave_property_bathrooms":["1"],"fave_property_garage":["1"],"fave_property_land":["0"],"ave_property_land_postfix":["m&sup2;"],"fave_property_size":["72"],"fave_property_year":["2001"],"fave_energy_global_index":["137 kWh\/m&sup2; \/34 Kg CO2\/m&sup2;"],"fave_energy_class":["E"],"estate_attr_energy_class":["E"],"REAL_HOMES_property_emisiones":["34"],"REAL_HOMES_property_consumo":["137"],"REAL_HOMES_property_letra":["E"],"estate_video":[""],"fave_virtual_tour":[""],"vendidoInmueble":[""],"fave_property_price":["320000"],"fave_property_price_postfix":[""],"fave_property_images":["43376087","43376088","43376089","43376090","43376091","43376092","43376093","43376094","43376095","43376096","43376097","43376098","43376099","43376100","43376101","43376102","43376103","43376104","43376105","43376106","43376107","43376108","43376109","43376110","43376111"],"houzez_total_property_views":["1"],"houzez_views_by_date":["a:1:{s:10:\"09-01-2026\";i:1;}"],"houzez_recently_viewed":["2026-09-01 09:54:54"],"ekit_post_views_count":["1"]},"_links":{"self":[{"href":"https:\/\/brisasol.com\/en\/wp-json\/wp\/v2\/properties\/43376084","targetHints":{"allow":["GET"]}}],"collection":[{"href":"https:\/\/brisasol.com\/en\/wp-json\/wp\/v2\/properties"}],"about":[{"href":"https:\/\/brisasol.com\/en\/wp-json\/wp\/v2\/types\/property"}],"author":[{"embeddable":true,"href":"https:\/\/brisasol.com\/en\/wp-json\/wp\/v2\/users\/5"}],"version-history":[{"count":0,"href":"https:\/\/brisasol.com\/en\/wp-json\/wp\/v2\/properties\/43376084\/revisions"}],"wp:featuredmedia":[{"embeddable":true,"href":"https:\/\/brisasol.com\/en\/wp-json\/wp\/v2\/media\/43376087"}],"wp:attachment":[{"href":"https:\/\/brisasol.com\/en\/wp-json\/wp\/v2\/media?parent=43376084"}],"wp:term":[{"taxonomy":"property_type","embeddable":true,"href":"https:\/\/brisasol.com\/en\/wp-json\/wp\/v2\/property_type?post=43376084"},{"taxonomy":"property_status","embeddable":true,"href":"https:\/\/brisasol.com\/en\/wp-json\/wp\/v2\/property_status?post=43376084"},{"taxonomy":"property_feature","embeddable":true,"href":"https:\/\/brisasol.com\/en\/wp-json\/wp\/v2\/property_feature?post=43376084"},{"taxonomy":"property_label","embeddable":true,"href":"https:\/\/brisasol.com\/en\/wp-json\/wp\/v2\/property_label?post=43376084"},{"taxonomy":"property_state","embeddable":true,"href":"https:\/\/brisasol.com\/en\/wp-json\/wp\/v2\/property_state?post=43376084"},{"taxonomy":"property_city","embeddable":true,"href":"https:\/\/brisasol.com\/en\/wp-json\/wp\/v2\/property_city?post=43376084"},{"taxonomy":"property_area","embeddable":true,"href":"https:\/\/brisasol.com\/en\/wp-json\/wp\/v2\/property_area?post=43376084"}],"curies":[{"name":"wp","href":"https:\/\/api.w.org\/{rel}","templated":true}]}}

Ático duplex en el centro turístico de Salou &#8211; 003.ai03352

<p>Oportunidad ático duplex en pleno centro turístico de Salou con amplias zonas verdes.<br />Situado en en complejo con todos los servicios de ocio necesarios como piscina, pistas de pádel, tenis y parque infantil.<br />Dispone de dos dormitorios dobles que tienen acceso directo a la terraza, baño completo con ducha y cocina americana equipada con electrodomésticos .<br />Ideal para disfrutar de la terraza superior privada con zona de barbacoa y vistas despejadas.<br />Incluimos en el precio dos plazas de parking privadas en el mismo edificio con acceso directo desde el ascensor. También dispone de dos splits de aire acondicionado.<br />Amueblado y equipado, está listo para entrar a vivir.</p>
<p>Información al consumidor (Ley 10/2025 y Art. 20 TRLGDCU)<br />En cumplimiento de las obligaciones de información previstas en la Ley 10/2025, de 28 de diciembre, de servicios de atención a la clientela y transparencia, así como en la normativa sectorial vigente, se informa que el precio indicado no incluye los gastos e impuestos inherentes a la adquisición, los cuales se desglosan a continuación:<br />Impuesto de Transmisiones Patrimoniales *(ITP): En Cataluña se aplicará el tipo impositivo vigente del10% sin perjuicio de los tipos reducidos aplicables según las circunstancias personales del comprador o las características del inmueble. El impuesto se devenga sobre el mayor valor entre el precio de adquisición o el valor de referencia catastral. Para información más detallada puede consultar el portal oficial de la Agencia Tributaria Cataluña: atc.gencat.cat.<br />&#8211; Gastos de Notaría: Se calcularán según el arancel oficial regulado en el Anexo I del Real Decreto 1426/1989 de 17 de noviembre.  BOE-A-1989-28111.<br />&#8211; Gastos de Registro: Se calcularán según el arancel oficial regulado en el Anexo I del Real Decreto 1427/1989. BOE-A-1989-28112.<br />&#8211; Gastos de Gestoría: Por tramitación, liquidación de impuestos e inscripción en Registro de la Propiedad, el importe orientativo es de 242? (IVA incluido), que variará dependiendo del profesional designado por la parte compradora para realizar dichos trámites.<br />&#8211; Gastos Hipotecarios: En caso de financiación, condiciones según la entidad bancaria elegida por el comprador.<br />&#8211; Honorarios de Intermediación Inmobiliaria: A cargo del vendedor incluidos en el precio.<br />*(ITP): Para un cálculo personalizado según sus circunstancias personales, puede consultar a nuestros asesores a la oficina de Salou, Avda Andorra 18. <br />Finques Brisasol, SL- AICAT-7922</p>

    <div class="xs_social_share_widget xs_share_url after_content 		main_content  wslu-style-1 wslu-share-box-shaped wslu-fill-colored wslu-none wslu-share-horizontal wslu-theme-font-no wslu-main_content">

		
        <ul>
			        </ul>
    </div>

<p>Oportunidad ático duplex en pleno centro turístico de Salou con amplias zonas verdes.~Situado en en complejo con todos los servicios de ocio necesarios como piscina, pistas de pádel, tenis y parque infantil.~Dispone de dos dormitorios dobles que tienen acceso directo a la terraza, baño completo con ducha y cocina americana equipada con </p>
